{"id":29,"date":"2026-04-11T06:04:43","date_gmt":"2026-04-11T06:04:43","guid":{"rendered":"https:\/\/justbecom.fr\/?page_id=29"},"modified":"2026-04-11T06:24:16","modified_gmt":"2026-04-11T06:24:16","slug":"mathieu-madenian","status":"publish","type":"page","link":"https:\/\/justbecom.fr\/?page_id=29","title":{"rendered":"MATHIEU MADENIAN"},"content":{"rendered":"\n<div class=\"wp-block-columns is-layout-flex wp-container-core-columns-is-layout-28f84493 wp-block-columns-is-layout-flex\">\n<div class=\"wp-block-column is-layout-flow wp-block-column-is-layout-flow\">\n<p><\/p>\n\n\n\n<figure class=\"wp-block-image size-large\"><img fetchpriority=\"high\" decoding=\"async\" width=\"731\" height=\"1024\" src=\"https:\/\/justbecom.fr\/wp-content\/uploads\/2026\/04\/50x70-Mathieu1-731x1024.jpg\" alt=\"\" class=\"wp-image-30\" srcset=\"https:\/\/justbecom.fr\/wp-content\/uploads\/2026\/04\/50x70-Mathieu1-731x1024.jpg 731w, https:\/\/justbecom.fr\/wp-content\/uploads\/2026\/04\/50x70-Mathieu1-214x300.jpg 214w, https:\/\/justbecom.fr\/wp-content\/uploads\/2026\/04\/50x70-Mathieu1-768x1075.jpg 768w, https:\/\/justbecom.fr\/wp-content\/uploads\/2026\/04\/50x70-Mathieu1-2000x2800.jpg 2000w, https:\/\/justbecom.fr\/wp-content\/uploads\/2026\/04\/50x70-Mathieu1-400x560.jpg 400w, https:\/\/justbecom.fr\/wp-content\/uploads\/2026\/04\/50x70-Mathieu1-600x840.jpg 600w\" sizes=\"(max-width: 731px) 100vw, 731px\" \/><\/figure>\n<\/div>\n\n\n\n<div class=\"wp-block-column is-layout-flow wp-block-column-is-layout-flow\">\n<p><\/p>\n\n\n\n<p class=\"has-large-font-size\"><em><strong>\u00ab A Pleurer de Rire \u00bb<\/strong><\/em><\/p>\n\n\n\n<p><em><strong>EN TOURNEE EN FRANCE<\/strong><\/em><br><br><em>\u00ab A Pleurer de rire \u00bb, c\u2019est la promesse que fait<\/em><\/p>\n\n\n\n<p><em>Mathieu Madenian avec ce 4<\/em><em>\u00e8me <\/em><em>et nouveau<\/em><\/p>\n\n\n\n<p><em>spectacle dans lequel il nous raconte avec son sens<\/em><\/p>\n\n\n\n<p><em>inou\u00ef de l\u2019autod\u00e9rision comment sa vie et ses<\/em><\/p>\n\n\n\n<p><em>certitudes les plus profondes ont \u00e9t\u00e9 boulevers\u00e9es<\/em><\/p>\n\n\n\n<p><em>par l\u2019arriv\u00e9e tardive de son 1<\/em><em>er <\/em><em>enfant. Apr\u00e8s 6 mois<\/em><\/p>\n\n\n\n<p><em>sold out au Solo et une Cigale \u00e0 guichet ferm\u00e9,<\/em><\/p>\n\n\n\n<p><em>Mathieu Madenian est actuellement en tourn\u00e9e en<\/em><\/p>\n\n\n\n<p><em>France.<\/em><\/p>\n\n\n\n<p><\/p>\n<\/div>\n<\/div>\n\n\n\n<p><em>\u00ab A Pleurer de rire \u00bb, c\u2019est la promesse que fait<\/em> <em>Mathieu Madenian avec ce 4\u00e8me et nouveau<\/em> <em>spectacle dans lequel il nous raconte avec son sens<\/em> <em>inou\u00ef de l\u2019autod\u00e9rision comment sa vie et ses<\/em> <em>certitudes les plus profondes ont \u00e9t\u00e9 boulevers\u00e9es<\/em> <em>par l\u2019arriv\u00e9e tardive de son 1er enfant. Apr\u00e8s 6 mois<\/em> <em>sold out au Solo et une Cigale \u00e0 guichet ferm\u00e9,<\/em> <em>Mathieu Madenian est actuellement en tourn\u00e9e en<\/em> <em>France.<\/em><\/p>\n\n\n\n<p><em>Pendant une heure men\u00e9e \u00e0 tambours battants, Mathieu nous<\/em> <em>embarque dans une plong\u00e9e \u00e0 travers l\u2019univers tumultueux d\u2019un p\u00e8re<\/em> <em>nouvellement \u00e9moulu qui tente de jongler avec l\u2019absurdit\u00e9 d\u2019un monde<\/em> <em>au bord du chaos tout en apprenant les ficelles de la paternit\u00e9.<\/em> <em>Comment concilier son \u00e9ducation traditionnelle avce la nouvelle vague<\/em> <em>de paternit\u00e9 moderne ? Comment expliquer \u00e0 son fils les concepts de<\/em> <em>genre\u2026alors qu\u2019il ne ma\u00eetrise m\u00eame pas TikTok ? Et surtout, comment<\/em> <em>ne pas passer pour un boomer largu\u00e9 ?<\/em><\/p>\n\n\n\n<p><em>Avec ce talent unique pour transformer le quotidien en com\u00e9die,<\/em> <em>Mathieu nous offre un spectacle o\u00f9 il parle de ses erreurs, de ses rat\u00e9s,<\/em> <em>et des le\u00e7ons qu\u2019il tire de son petit gar\u00e7on, qui, \u00e0 peine n\u00e9, semble d\u00e9j\u00e0<\/em> <em>en savoir plus sur la vie que lui<\/em>.<\/p>\n\n\n\n<p><strong><em>Un voyage hilarant et \u00e9mouvant dans lequel Mathieu nous<\/em> <em>livre son spectacle \u00e0 la fois le plus personnel et le plus<\/em> <em>universel.<\/em><\/strong><\/p>\n\n\n\n<p><\/p>\n","protected":false},"excerpt":{"rendered":"<p>\u00ab A Pleurer de Rire \u00bb EN TOURNEE EN FRANCE \u00ab A Pleurer de rire \u00bb, c\u2019est la promesse que fait Mathieu Madenian avec ce 4\u00e8me et nouveau spectacle dans lequel il nous raconte avec son sens inou\u00ef de l\u2019autod\u00e9rision comment sa vie et ses certitudes les plus profondes ont [&hellip;]<\/p>\n","protected":false},"author":1,"featured_media":0,"parent":0,"menu_order":0,"comment_status":"closed","ping_status":"closed","template":"","meta":{"inspiro_page_layout":"narrow","inspiro_hide_title":false,"footnotes":""},"class_list":["post-29","page","type-page","status-publish","hentry"],"_links":{"self":[{"href":"https:\/\/justbecom.fr\/index.php?rest_route=\/wp\/v2\/pages\/29","targetHints":{"allow":["GET"]}}],"collection":[{"href":"https:\/\/justbecom.fr\/index.php?rest_route=\/wp\/v2\/pages"}],"about":[{"href":"https:\/\/justbecom.fr\/index.php?rest_route=\/wp\/v2\/types\/page"}],"author":[{"embeddable":true,"href":"https:\/\/justbecom.fr\/index.php?rest_route=\/wp\/v2\/users\/1"}],"replies":[{"embeddable":true,"href":"https:\/\/justbecom.fr\/index.php?rest_route=%2Fwp%2Fv2%2Fcomments&post=29"}],"version-history":[{"count":3,"href":"https:\/\/justbecom.fr\/index.php?rest_route=\/wp\/v2\/pages\/29\/revisions"}],"predecessor-version":[{"id":34,"href":"https:\/\/justbecom.fr\/index.php?rest_route=\/wp\/v2\/pages\/29\/revisions\/34"}],"wp:attachment":[{"href":"https:\/\/justbecom.fr\/index.php?rest_route=%2Fwp%2Fv2%2Fmedia&parent=29"}],"curies":[{"name":"wp","href":"https:\/\/api.w.org\/{rel}","templated":true}]}}