{"id":55,"date":"2026-04-11T11:02:43","date_gmt":"2026-04-11T11:02:43","guid":{"rendered":"https:\/\/justbecom.fr\/?page_id=55"},"modified":"2026-04-11T11:02:44","modified_gmt":"2026-04-11T11:02:44","slug":"juliette-katz","status":"publish","type":"page","link":"https:\/\/justbecom.fr\/?page_id=55","title":{"rendered":"JULIETTE KATZ"},"content":{"rendered":"\n<div class=\"wp-block-columns is-layout-flex wp-container-core-columns-is-layout-28f84493 wp-block-columns-is-layout-flex\">\n<div class=\"wp-block-column is-layout-flow wp-block-column-is-layout-flow\">\n<figure class=\"wp-block-image size-large\"><img fetchpriority=\"high\" decoding=\"async\" width=\"755\" height=\"1024\" src=\"https:\/\/justbecom.fr\/wp-content\/uploads\/2026\/04\/PHOTO-2026-04-09-11-26-14-755x1024.jpg\" alt=\"\" class=\"wp-image-56\" srcset=\"https:\/\/justbecom.fr\/wp-content\/uploads\/2026\/04\/PHOTO-2026-04-09-11-26-14-755x1024.jpg 755w, https:\/\/justbecom.fr\/wp-content\/uploads\/2026\/04\/PHOTO-2026-04-09-11-26-14-221x300.jpg 221w, https:\/\/justbecom.fr\/wp-content\/uploads\/2026\/04\/PHOTO-2026-04-09-11-26-14-768x1041.jpg 768w, https:\/\/justbecom.fr\/wp-content\/uploads\/2026\/04\/PHOTO-2026-04-09-11-26-14-1133x1536.jpg 1133w, https:\/\/justbecom.fr\/wp-content\/uploads\/2026\/04\/PHOTO-2026-04-09-11-26-14-1000x1356.jpg 1000w, https:\/\/justbecom.fr\/wp-content\/uploads\/2026\/04\/PHOTO-2026-04-09-11-26-14-413x560.jpg 413w, https:\/\/justbecom.fr\/wp-content\/uploads\/2026\/04\/PHOTO-2026-04-09-11-26-14-600x814.jpg 600w, https:\/\/justbecom.fr\/wp-content\/uploads\/2026\/04\/PHOTO-2026-04-09-11-26-14.jpg 1180w\" sizes=\"(max-width: 755px) 100vw, 755px\" \/><\/figure>\n<\/div>\n\n\n\n<div class=\"wp-block-column is-layout-flow wp-block-column-is-layout-flow\">\n<p class=\"has-large-font-size\"><em><strong>\u00ab LE PODKATZ TOUR \u00bb<\/strong><\/em><\/p>\n\n\n\n<p><strong><em>EN TOURNEE ET<\/em> <em>AU TRIANON LE 11 OCTOBRE 2026<\/em><\/strong><br><br><em>Le \u00ab Podkatz \u00bb, le podcast de Juliette Katz, qui<\/em> <em>cartonne depuis 3 ans sur les r\u00e9seaux, passe \u00e0<\/em> <em>la vitesse sup\u00e9rieure et change de dimension !<\/em><\/p>\n\n\n\n<p><em>Il s\u2019installe dans les grandes villes de<\/em> <em>France pour finir par une date exceptionnelle au<\/em> <em>Trianon \u00e0 Paris le 11 octobre.<\/em><\/p>\n\n\n\n<p><em>Plusieurs villes, une grande th\u00e9matique : la sexualit\u00e9. Un<\/em> <em>sujet qui m\u00e9rite d\u2019\u00eatre abord\u00e9 dans une p\u00e9riode o\u00f9 il est plus<\/em> <em>actuel et plus pertinent que jamais, au coeur des \u00e9volutions<\/em> <em>sociales, g\u00e9n\u00e9rationnelles, mais aussi des questions d\u2019identit\u00e9 et<\/em> <em>des enjeux de bien \u00eatre individuel et collectif.<\/em><\/p>\n\n\n\n<p><em>Dans chaque ville, Juliette abordera une probl\u00e9matique diff\u00e9rente<\/em> <em>li\u00e9e \u00e0 la sexualit\u00e9 &#8211; Sexualit\u00e9 et Parentalit\u00e9, Sexualit\u00e9 et<\/em> <em>infid\u00e9lit\u00e9, la sexualit\u00e9 lib\u00e9r\u00e9e etc. &#8211; au travers d\u2019invit\u00e9s qui<\/em> <em>viendront raconter leur histoire sans filtre, ni faux<\/em> <em>semblant. R\u00e9cits que Juliette d\u00e9couvrira en m\u00eame temps<\/em> <em>que les spectateurs et auditeurs pour garder l\u2019authenticit\u00e9 de<\/em> <em>la rencontre.<\/em><\/p>\n\n\n\n<p><em>Juliette partagera \u00e9galement ses propres exp\u00e9riences, en<\/em> <em>toute transparence sur les sujets \u00e9voqu\u00e9s.<\/em><\/p>\n\n\n\n<p><em>La grande force de ces soir\u00e9es : L\u2019interactivit\u00e9 ! Pour la<\/em> <em>premi\u00e8re fois, son public pourra intervenir tout au long de de<\/em> <em>l\u2019enregistrement : interagir avec les invit\u00e9s et r\u00e9agir aux<\/em> <em>t\u00e9moignages extraordinaires qui seront d\u00e9voil\u00e9s sur<\/em> <em>sc\u00e8ne.<\/em><\/p>\n<\/div>\n<\/div>\n","protected":false},"excerpt":{"rendered":"<p>\u00ab LE PODKATZ TOUR \u00bb EN TOURNEE ET AU TRIANON LE 11 OCTOBRE 2026 Le \u00ab Podkatz \u00bb, le podcast de Juliette Katz, qui cartonne depuis 3 ans sur les r\u00e9seaux, passe \u00e0 la vitesse sup\u00e9rieure et change de dimension ! Il s\u2019installe dans les grandes villes de France pour [&hellip;]<\/p>\n","protected":false},"author":1,"featured_media":0,"parent":0,"menu_order":0,"comment_status":"closed","ping_status":"closed","template":"","meta":{"inspiro_page_layout":"narrow","inspiro_hide_title":false,"footnotes":""},"class_list":["post-55","page","type-page","status-publish","hentry"],"_links":{"self":[{"href":"https:\/\/justbecom.fr\/index.php?rest_route=\/wp\/v2\/pages\/55","targetHints":{"allow":["GET"]}}],"collection":[{"href":"https:\/\/justbecom.fr\/index.php?rest_route=\/wp\/v2\/pages"}],"about":[{"href":"https:\/\/justbecom.fr\/index.php?rest_route=\/wp\/v2\/types\/page"}],"author":[{"embeddable":true,"href":"https:\/\/justbecom.fr\/index.php?rest_route=\/wp\/v2\/users\/1"}],"replies":[{"embeddable":true,"href":"https:\/\/justbecom.fr\/index.php?rest_route=%2Fwp%2Fv2%2Fcomments&post=55"}],"version-history":[{"count":1,"href":"https:\/\/justbecom.fr\/index.php?rest_route=\/wp\/v2\/pages\/55\/revisions"}],"predecessor-version":[{"id":57,"href":"https:\/\/justbecom.fr\/index.php?rest_route=\/wp\/v2\/pages\/55\/revisions\/57"}],"wp:attachment":[{"href":"https:\/\/justbecom.fr\/index.php?rest_route=%2Fwp%2Fv2%2Fmedia&parent=55"}],"curies":[{"name":"wp","href":"https:\/\/api.w.org\/{rel}","templated":true}]}}